e the first derivative of s**3/3 - 7*s**2/2 + 11. Let w be d(6). Calculate the remainder when 88 is divided by 27 - (-3)/w*-6.
28
Let o = -2561 + 2720. Calculate the remainder when o is divided by 54.
51
Let l(y) = y**3 - 11*y**2 - 5*y + 2. What is the remainder when l(12) is divided by 10?
6
Suppose -39 + 11 = -7*t. Suppose -d - 4*f - 16 = -0*f, -f - 4 = -t*d. Suppose a = -p + 25, a + d*p - 31 = 2*p. Calculate the remainder when a is divided by 10.
7
Let o(t) = t**2 + 8*t + 7. Let z be o(-7). Suppose -d = -3*s - 65 + 23, z = -5*d - 3*s + 300. Calculate the remainder when d is divided by 22.
13
Let o be (18/5*(-5)/(-3))/2. Suppose 120 = 4*d + 5*s, 0*s = -o*d + 2*s + 67. Calculate the remainder when d is divided by 2/4 - (-19)/2.
5
Let v = 1554 + -1530. What is the remainder when 26 is divided by v?
2
Let b be 5/20 + 3/(-12). What is the remainder when 17 is divided by -3*(b + (-10)/6)?
2
Let b be (-1)/(30/33 - 1). Let w be (b - 3)/2 - 8. What is the remainder when (-2)/w - (-405)/18 is divided by 5?
3
Suppose -f = f. What is the remainder when 123 is divided by (f - -1)*(19 + 12)?
30
Suppose 0 = 2*v + 272 - 418. Calculate the remainder when v is divided by 19.
16
Let d = -14 - -17. Suppose -v + 19 = -3*q, v - 5*q = -d*q + 22. Let z = 2 - -13. Calculate the remainder when v is divided by z.
13
Suppose -21*h = 153 - 867. Let u(o) = 16*o - 8. Let a(v) = 15*v - 7. Let p(b) = 5*a(b) - 4*u(b). What is the remainder when h is divided by p(2)?
15
Let n = 12 + 17. Suppose -i = 4*u - 24, -8*u + 10 = -3*u. Calculate the remainder when (-1)/(1 - 30/n) is divided by i.
13
Let n = -856 - -1405. What is the remainder when n is divided by 69?
66
Let a = 87 - 5. Calculate the remainder when a is divided by 21.
19
Suppose -3*u - 31 + 199 = 0. Let s(p) = 1. Let x(j) = j**2 - 11*j + 14. Let d(y) = 5*s(y) - x(y). What is the remainder when u is divided by d(7)?
18
Suppose -3*g = -2*z, 3 = 3*z - 3*g - 0*g. Suppose 2*a + 2*a = -5*r + 47, 0 = z*r + 5*a - 23. What is the remainder when 63 is divided by r?
8
Let n be (32/48)/((-2)/(-507)). Let v = -167 + n. What is the remainder when 18 is divided by v?
0
Let p(u) = -u**3 + 4*u**2 - 9*u - 1. Let b be p(4). Suppose -2*j + 6*j = 236. Let a = j + b. Calculate the remainder when 85 is divided by a.
19
Let v be ((1 + 1)/(-2))/1. Let l be -3 - (1*-26 + v). What is the remainder when 37 is divided by 30/(-4)*l/(-18)?
7
Suppose -9 = 5*j + 11. Let f be -2 - 1 - 568/j. Suppose 2*v - 5*s - f = -4*s, 4*v - 5*s - 281 = 0. What is the remainder when v is divided by 24?
21
Suppose -9*g + 123 = -6*g. What is the remainder when g is divided by 3/(-3) + 3*4?
8
Let p(z) = 3*z**2 + 6*z + 6. What is the remainder when p(-4) is divided by (3 - -1)/((-66)/(-12) + -5)?
6
Let n(m) = -33*m**2 - m - 2. Let z(t) = t**2 - t - 1. Let c(k) = -n(k) + 2*z(k). What is the remainder when c(1) is divided by 18?
16
Suppose 2*j = 5*p + 25, j + p - 12 = -2*j. What is the remainder when 243 is divided by j?
3
Let x = -9 + 17. Let b(k) = k**2 - 20*k + 2. Let u be (-102)/(-5) + (-5)/75*-9. What is the remainder when b(u) is divided by x?
7
Let c(i) = i + 1. Let p be c(-1). Suppose -3*z = 4*m - 72, -m + z + p*z = -18. What is the remainder when m is divided by 4/(-12)*-9 + 4?
4
Let r(k) = -36*k - 54. What is the remainder when r(-4) is divided by 19?
14
Suppose -5*o - 156 = -18*o. Calculate the remainder when o is divided by 2.
0
Let a(l) = -l**3 + 4*l**2 - 4*l + 1. Let y be a(4). Let w = y - -44. Suppose -3*r + 3*j = -33, -3*r + 9 = 6*j - j. What is the remainder when w is divided by r?
5
Let q(c) = 14*c**2 - 11*c - 9. What is the remainder when q(-4) is divided by 86?
1
Let t(p) = -4000*p**2 - 6*p + 2. Let f be t(1). Let b(c) = 89*c**3 - c + 1. Calculate the remainder when b(1) is divided by 2/(-19) + f/(-133).
29
Suppose -37*s = -39*s + 38. Calculate the remainder when 70 is divided by s.
13
Suppose 0*g + 2*s = 3*g - 414, 0 = -4*g + 2*s + 550. Calculate the remainder when g is divided by 10.
6
Suppose -6 = 3*u + 12. Let l(y) = -50*y - 1. Calculate the remainder when l(-1) is divided by (-13)/(-4 - (u + 3)).
10
Let y(z) = -11*z + 26. Let a(w) = 11*w - 27. Let q(v) = 6*a(v) + 7*y(v). Calculate the remainder when 262 is divided by q(-3).
50
Let a(b) = b**3 + 10*b**2 + 14*b + 38. Calculate the remainder when 265 is divided by a(-8).
49
What is the remainder when 101 is divided by (3 - -5 - 4) + 3/3?
1
Suppose 0 = 3*t + 2*t - 170. What is the remainder when 235 is divided by t?
31
Suppose 6*s - 765 = 2673. What is the remainder when s is divided by 82?
81
Let r(h) = -h**3 - 41*h**2 - 78*h + 5. What is the remainder when 270 is divided by r(-39)?
0
Let z = 11 - 9. Suppose 0 = -j - j + 20. What is the remainder when ((-18)/30)/(z/(-90)) is divided by j?
7
Let v(a) = 0 - 2*a**2 + 2 - 2*a + 3*a**2. Let l be v(3). Suppose 0 = -l*h + 5, -k + 3*h = -10. Calculate the remainder when 50 is divided by k.
11
Let s = -123 - -126. Let z = -2 - -2. Suppose z = -g - s*h + 5, -1 = h - 2. What is the remainder when g is divided by 2?
0
Let i be (18/15)/((-9)/30). Let n = 4 - i. Calculate the remainder when 39 is divided by n.
7
Let j = 42 + 148. Suppose -6*l + j = -l. Suppose 0 = a + 4*v - 95, 0 = 14*a - v - 0*v - 1558. What is the remainder when a is divided by l?
35
Suppose 8*s = 3*s + 15. Suppose 0*p + 2*p - 38 = 0. What is the remainder when ((-28)/s)/(5/(-30)) is divided by p?
18
Let l be (-20)/11 - (-2)/(-11). Let o be l - (-1)/2*8. Suppose 3*w - 12 = s, -11 = -o*w + 3*s - 3. Calculate the remainder when w is divided by 4.
0
Let q(h) = -h + 5. Let t(k) = k**3 - 5*k**2 - 8*k - 1. Let a be t(6). Calculate the remainder when 71 is divided by q(a).
17
Let f(v) = -5 + 13*v**2 - 3*v - 7*v**2 + 5*v. What is the remainder when 128 is divided by f(-3)?
42
Calculate the remainder when -68*(0 + (-55)/10) is divided by 29.
26
Suppose -91*z - 30 = -97*z. Calculate the remainder when (-6)/(-2 + 1) - 0 is divided by z.
1
Let k(x) = -7*x. Let r be k(-7). Let f = r + -12. What is the remainder when 71 is divided by f?
34
Suppose -225 - 419 = -28*b. Calculate the remainder when 135 is divided by b.
20
Let y(d) = 11*d + 33. Let c be y(0). Suppose -2*x + 4*m = -3*x - 4, -c = -3*x - 3*m. What is the remainder when 42 is divided by x?
10
Let w(t) = 28*t**3 + 2*t**2 + t - 2. Let x = 28 - 23. Suppose -x*l + 3*l = -2. Calculate the remainder when 115 is divided by w(l).
28
Let l(w) = 2*w + 27. Let x(y) = 2*y - 18. Let v be x(5). Calculate the remainder when 28 is divided by l(v).
6
Suppose -827 = -11*c - 24. What is the remainder when 163 is divided by c?
17
Let u(r) = 7*r**2 - 2*r + 2. What is the remainder when 58 is divided by u(1)?
2
Suppose 2*v + 2*g - 3*g - 440 = 0, 4*g = 2*v - 446. What is the remainder when v is divided by 25?
19
Let c(m) = 50*m**2 + 12*m - 49*m**2 + 11 + 8*m. What is the remainder when c(-24) is divided by (-28)/(-1) + (0 - 1)?
26
Let v be 6/48 + -157*10/16. What is the remainder when v/21*45/(-6) is divided by 4?
3
Let r(l) = l**3 + 5*l**2 + 6*l + 3. Let k be r(-2). Calculate the remainder when 20 is divided by (-105)/(-9) + k/9.
8
Let m = -4 + 59. Suppose -4*f + 5*u = -2*f - 31, 4*u + 20 = 0. Calculate the remainder when m is divided by (-42)/4*(-4)/f.
13
Suppose 27 - 125 = -5*v + 2*x, 0 = v - 4*x - 34. Suppose y + 5 = 48. Suppose -c + y = -28. Calculate the remainder when c is divided by v.
17
Suppose -v + 15 = 6. Let s(w) = 8*w - 2. What is the remainder when s(v) is divided by 25?
20
Suppose 77 = -3*r - a, -4*r + 2*a - 86 = -0*a. Let y = r - -28. Calculate the remainder when 11 is divided by y.
3
Calculate the remainder when 2*5*(-666)/(-36) is divided by 17.
15
Suppose -4 = -11*p + 7*p, 3*p = 3*n - 684. Calculate the remainder when n is divided by 36.
13
Suppose -5*o + 2*b = b - 185, 0 = -2*o - 5*b + 74. Let x(y) be the first derivative of 7*y**3 + y**2 + y + 1. What is the remainder when o is divided by x(-1)?
17
Calculate the remainder when (6 + 68)/(8 + -7) is divided by 38.
36
Let s(m) = 3*m**2 - 8*m - 2. Let a(u) = 2*u - 2. Let b be a(5). Let q be s(b). Suppose -q = -5*k + 279. Calculate the remainder when k is divided by 21.
18
Let z = -43 - -293. Calculate the remainder when z is divided by 84.
82
Let k(f) = f**3 + 6*f**2 - 3. Let c = 1204 - 1096. What is